2 - 6*n - 7. Calculate the remainder when g(-3) is divided by 3.
2
Let g(k) = -k**2 + 6*k + 2. Let n be g(6). Calculate the remainder when (1/2)/((-39)/(-2730)) is divided by -2 + n + 24/2.
11
Let y(k) = k**3 + 89. Calculate the remainder when y(0) is divided by 15.
14
Let g = 25 - -4. Suppose -4*n + g = -0*o + 3*o, -5*n + 28 = o. Suppose 3*s - s = -o*w - 7, 2*w = -6. Calculate the remainder when 1 is divided by s.
0
Calculate the remainder when 28 is divided by 14/(2 - 1) + (9 - 8).
13
Let f(w) = w**3 - 7*w**2 + 6*w. Let o be f(6). Suppose -p - h = p - 27, 4*p + h - 51 = o. What is the remainder when p is divided by 7?
5
Suppose -t + 5 - 3 = 0. Suppose w + t*w = 117. What is the remainder when w is divided by 20?
19
Let q = 21 - 15. Calculate the remainder when (-69)/((45/q)/(-5)) is divided by 16.
14
Suppose 0 = 4*j + 12, -4*x = -3*j + 2*j - 19. Calculate the remainder when 8 is divided by x.
0
Suppose 0 = -3*a + 6*a. Suppose -z + 11 - 1 = a. Let r(w) = 2*w**2 + 3*w - 1. Calculate the remainder when r(-4) is divided by z.
9
Suppose -5*j - 31 = -81. Suppose 0 = 3*i + 2*z - 18, -i - z = -4*i + 9. What is the remainder when j is divided by i?
2
Suppose -3*v - 107 = 5*s - 14, 5*v + 59 = -3*s. Let j = -13 - s. What is the remainder when j is divided by 4?
1
Calculate the remainder when (-6)/15 - 192/(-5) is divided by 13.
12
Suppose -5*d - 4*z = -9, -5*d - 4*z + 7 = -2*z. What is the remainder when 37 is divided by 26/4*2*d?
11
Let p = 6 - -1. Let c = -25 + 40. Let w = c - p. Calculate the remainder when 14 is divided by w.
6
Suppose -5*w - 6*r + 130 = -r, 0 = -4*w - 2*r + 100. Calculate the remainder when w is divided by 5.
4
Let t = 237 - 130. Let j = t - 241. Calculate the remainder when 10/15 - j/6 is divided by 12.
11
Let t(l) = l - 2. Let r be t(-5). Let o(p) = -1 - 3*p + 6*p - 3*p - p. What is the remainder when o(r) is divided by 4?
2
Let j(l) be the second derivative of l**4/3 + l**3/6 + l**2/2 - l. Calculate the remainder when j(-3) is divided by 18.
16
Let s be ((-7)/(-2)*2)/1. Suppose 3*q - 2*a - 49 = 0, 3*a = 2*q - 0*a - 26. Calculate the remainder when 70/s*22/4 is divided by q.
17
Suppose -3 = 3*f - l + 2, 2*l - 8 = 5*f. Let q be 3/f*(0 + -2). Suppose 5*t - 183 = q*m, -t + 2*m = -5*t + 142. Calculate the remainder when t is divided by 13.
10
Suppose 0*b = 3*b - 15. Suppose 3*y - p - 3 = -28, 3*p = 2*y + b. Let h = 17 + y. Calculate the remainder when 12 is divided by h.
5
Let p(r) = -r**3 - 4*r**2 - 2*r + 7. Calculate the remainder when 43 is divided by p(-4).
13
Let m(p) = p**2 + p + 7. Calculate the remainder when 69 is divided by m(5).
32
Let v = -4 - -7. Suppose -u = -a - 1, 25 = v*a - 0*a + 4*u. Calculate the remainder when 5 is divided by a.
2
Let a = -37 - -53. Calculate the remainder when 2/((-2)/(-1 - 29)) is divided by a.
14
Suppose -2*c = 3*c - 20. Suppose 4*l - 7 = k, -2 = c*l - 14. Let m = 6 - -3. Calculate the remainder when m is divided by k.
4
Let g(f) = -2*f - 2. Let b be g(-2). Suppose -4*i + b*y - 3 = -39, -3*i + 17 = y. Calculate the remainder when 20 is divided by i.
6
Suppose 0*v = v - 10. Suppose 0 = -2*b + 3*b + 6. Let k(i) = i + 9. Calculate the remainder when v is divided by k(b).
1
Suppose 3*b - 63 = i - 5*i, -b = 5*i - 87. Let u = 29 - i. Let a(p) = -p**3 + 3*p**2 + 3*p - 3. What is the remainder when u is divided by a(3)?
5
Calculate the remainder when 3/(-5) - (-4584)/40 is divided by 23.
22
Let s(w) = 1 + 2 - 5*w**2 + w**3 - 5*w - w + 5. Calculate the remainder when s(6) is divided by 3.
2
Let d = -107 + 166. Calculate the remainder when d is divided by (-20)/(-3)*(0 - (-4 + 1)).
19
Let j be 40*((-16)/(-5) - 2). Let d = 62 - 96. Let u = d + j. What is the remainder when 40 is divided by u?
12
Calculate the remainder when 110 - (-4 - -3 - -2) is divided by 28.
25
Let b be (-4)/(-8) - 38/(-4). Suppose b + 0 = 5*q, -4*q = -3*n - 89. Let d = n + 38. What is the remainder when 20 is divided by d?
9
Suppose -2*r + 84 = -50. Calculate the remainder when 198 is divided by r.
64
Let n(t) = -17*t + 1. Let m be n(-1). Calculate the remainder when m*(-3 - -1)/(-6) is divided by (1/(-2))/(2/(-8)).
0
Suppose 0*y + 2*y - 2 = 0, 2*y - 44 = -2*q. What is the remainder when q is divided by 8?
5
Suppose 2*y = 4*t + t - 103, -3*t + 37 = 5*y. Calculate the remainder when t is divided by 12.
7
Let v = -30 - -51. What is the remainder when v is divided by 11?
10
Let r(m) = 8*m - 1. Suppose 4*y = y + 12. Suppose -4*l + 52 = 3*d - 12, -4*l + 80 = y*d. What is the remainder when r(4) is divided by d?
15
Let a be 16/(-20)*5/(-2). Suppose -x + 145 = -5*n, 3*n = a*x - 53 - 34. Let f = -19 - n. Calculate the remainder when 19 is divided by f.
9
Suppose -5*h = -2*s - 184, s = -5*h + 35 + 158. Suppose 16 + h = 2*o. Let d(j) = -13*j - 13. What is the remainder when d(-5) is divided by o?
25
Suppose 0*r - 30 = -3*r. What is the remainder when r is divided by 3?
1
Suppose 5*l + 2*m = 594, 0 = 2*l - 4*m + 3*m - 234. What is the remainder when l is divided by 30?
28
Let h(p) = p**3 - 3*p + 1. Let i be h(2). Suppose i*l + b - 2 - 48 = 0, 0 = 4*b + 16. Calculate the remainder when 2/6 - (-228)/l is divided by 5.
3
Suppose -144 = -4*w + w. Suppose -u + 3*s + w = -s, -s = 5. What is the remainder when u is divided by (-640)/(-65) + (-4)/(-26)?
8
Suppose -55 = -3*k + 71. Let m = k + -19. What is the remainder when m is divided by (-4)/18 + (-74)/(-9)?
7
Let w(r) = r**3 - 6*r**2 - 6*r - 4. Let d be w(7). Suppose 4*a + 18 = -5*g, -2*g - 2 = -d*g. What is the remainder when (-68)/(-7) - 2/a is divided by 4?
2
Let t(r) = 3*r - 3*r + 8 + r. Let w be 0/(-10)*2/4. Calculate the remainder when 14 is divided by t(w).
6
Let z(l) = l**3 + 10*l**2 - 24*l + 3. Calculate the remainder when 16 is divided by z(-12).
1
Let t(y) = -y**3 + 6*y**2 + 12. What is the remainder when 34 is divided by t(6)?
10
Let r(u) = -3*u**3 + 4*u**2 + 4*u + 3. Let v(j) = -j**2 - 6*j - 2. Let x be v(-6). Suppose -4*i + 45 = i. What is the remainder when r(x) is divided by i?
8
Let z = -92 + 252. Suppose 3*n - z = -2*n. Let s = -23 + n. Calculate the remainder when 15 is divided by s.
6
Suppose 124 = 2*i + 2*i. What is the remainder when i is divided by 16?
15
Let p(u) = 25*u**2 - u. Calculate the remainder when p(-1) is divided by 9.
8
Let a(b) = b + 20. Calculate the remainder when a(12) is divided by 19.
13
Let r = 10 - 7. Suppose 0 = 6*i - r*i - 54. Let n = 41 - i. Calculate the remainder when n is divided by 8.
7
What is the remainder when 157 is divided by ((-1)/(-4)*15)/(6/64)?
37
Let q(o) = 29*o + 36. What is the remainder when q(7) is divided by 48?
47
Let a(f) = -2*f + 8. Let l(b) = -b**3 - 3*b**2 + 7*b + 5. Let h be l(-4). Calculate the remainder when 41 is divided by a(h).
19
What is the remainder when 4/(-7) + (-936)/(-21) is divided by 16?
12
Let o = 58 + -55. What is the remainder when 11 is divided by o?
2
Let l(u) = 4*u - 36. What is the remainder when 70 is divided by l(15)?
22
Suppose 4*s + 2*w + 5 = 19, 1 = w. Suppose u - 3*u = -32. Let m = -11 + u. Calculate the remainder when m is divided by s.
2
Let n(f) = 13*f. Let q be (2 + 105)/((-2)/(-2)). Suppose 0 = 2*z - q + 31. Calculate the remainder when z is divided by n(1).
12
What is the remainder when 117 is divided by (-444)/(-22) + 4/(-22)?
17
Suppose 2*j + 3*j = 10. Suppose -2*d = j*d - 60. Calculate the remainder when 59 is divided by d.
14
Let q(y) = y**2 - y + 3. Suppose 5*b = 2*b + 12. Suppose b - 10 = -z. What is the remainder when q(-3) is divided by z?
3
What is the remainder when 161 is divided by (-1 + 2)*(-163 + -1)/(-4)?
38
Let w(p) = -3*p + 0*p + 5 + 5*p. Calculate the remainder when (88/5)/((-4)/(-10)) is divided by w(5).
14
Let h(f) = -f**3 + 2*f**2 - 4*f - 13. What is the remainder when h(-4) is divided by 26?
21
Suppose 5*i = -2*w - 142, 3*i + i + 199 = -3*w. Let m = w + 117. What is the remainder when m is divided by 19?
18
Suppose 10*k - 172 = -42. Calculate the remainder when 22 is divided by k.
9
Suppose 0 = -0*t + 2*t - 26. What is the remainder when t is divided by (-6 + (-16)/4)*(-2)/4?
3
Let t(c) = 3*c + 2*c + 3*c**2 + c - 2 + 0*c**2. What is the remainder when t(4) is divided by 18?
16
Suppose 0 = -3*c + 8*c - 55. Let u be 16 - 1 - 3/(-3). Let z = u - 10. What is the remainder w